{"id":800,"date":"2023-12-05T17:53:20","date_gmt":"2023-12-05T16:53:20","guid":{"rendered":"https:\/\/mpfred.com\/?post_type=product&#038;p=800"},"modified":"2025-08-01T10:50:11","modified_gmt":"2025-08-01T09:50:11","slug":"sierra","status":"publish","type":"product","link":"https:\/\/mpfred.com\/es\/producte\/sierra\/","title":{"rendered":"SIERRA"},"content":{"rendered":"<ul>\n<li>Cortina de aire singular de gran eficiencia energ\u00e9tica para establecimientos exclusivos.\n<p>Sierra tiene un llamativo dise\u00f1o adecuado para establecimientos exclusivos. De acero inoxidable con el acabado o el color elegidos, Sierra se personaliza para adecuarse perfectamente a su entrada y hacerla \u00fanica.<\/p>\n<p>La cortina de aire est\u00e1 equipada con motores EC de gran eficiencia energ\u00e9tica que permiten el control progresivo del caudal de aire. Junto con el inteligente sistema de control FC, la cortina de aire le permite optimizar f\u00e1cilmente su confort y ahorrar energ\u00eda.<\/p>\n<p>Hay modelos para instalaci\u00f3n en horizontal y en vertical. La anchura de instalaci\u00f3n recomendada de 5 m con cortinas de aire montadas a ambos lados del hueco de entrada. La altura de instalaci\u00f3n recomendada es de 3,5 m.<\/li>\n<\/ul>\n<p><a href=\"https:\/\/mpfred.com\/wp-content\/uploads\/2023\/12\/CAT_FRICO_SIERRA_ES_210518_compressed.pdf\" target=\"_blank\" rel=\"noopener\"><img loading=\"lazy\" decoding=\"async\" class=\"alignnone wp-image-355 size-full\" src=\"https:\/\/mpfred.com\/wp-content\/uploads\/2023\/11\/pdf.png\" alt=\"\" width=\"64\" height=\"64\" \/><\/a><br \/>\n<a href=\"https:\/\/mpfred.com\/wp-content\/uploads\/2023\/12\/CAT_FRICO_SIERRA_ES_210518_compressed.pdf\" target=\"_blank\" rel=\"noopener\">Cat\u00e0leg PDF<\/a><\/p>\n","protected":false},"excerpt":{"rendered":"<p>Cortina de aire singular de gran eficiencia energ\u00e9tica para establecimientos exclusivos. Sierra tiene un llamativo dise\u00f1o adecuado para establecimientos exclusivos. De acero inoxidable con el acabado o el color elegidos, Sierra se personaliza para adecuarse perfectamente a su entrada y hacerla \u00fanica. La cortina de aire est\u00e1 equipada con motores EC de gran eficiencia energ\u00e9tica [&hellip;]<\/p>\n","protected":false},"featured_media":803,"template":"","meta":{"_seopress_robots_primary_cat":"none","_seopress_titles_title":"","_seopress_titles_desc":"","_seopress_robots_index":""},"product_brand":[134],"product_cat":[63],"product_tag":[],"class_list":{"0":"post-800","1":"product","2":"type-product","3":"status-publish","4":"has-post-thumbnail","6":"product_brand-frico","7":"product_cat-cortines-daire-comercial","9":"first","10":"instock","11":"featured","12":"shipping-taxable","13":"product-type-simple"},"_links":{"self":[{"href":"https:\/\/mpfred.com\/es\/wp-json\/wp\/v2\/product\/800","targetHints":{"allow":["GET"]}}],"collection":[{"href":"https:\/\/mpfred.com\/es\/wp-json\/wp\/v2\/product"}],"about":[{"href":"https:\/\/mpfred.com\/es\/wp-json\/wp\/v2\/types\/product"}],"wp:featuredmedia":[{"embeddable":true,"href":"https:\/\/mpfred.com\/es\/wp-json\/wp\/v2\/media\/803"}],"wp:attachment":[{"href":"https:\/\/mpfred.com\/es\/wp-json\/wp\/v2\/media?parent=800"}],"wp:term":[{"taxonomy":"product_brand","embeddable":true,"href":"https:\/\/mpfred.com\/es\/wp-json\/wp\/v2\/product_brand?post=800"},{"taxonomy":"product_cat","embeddable":true,"href":"https:\/\/mpfred.com\/es\/wp-json\/wp\/v2\/product_cat?post=800"},{"taxonomy":"product_tag","embeddable":true,"href":"https:\/\/mpfred.com\/es\/wp-json\/wp\/v2\/product_tag?post=800"}],"curies":[{"name":"wp","href":"https:\/\/api.w.org\/{rel}","templated":true}]}}

<ul>
<li>Cortina de aire singular de gran eficiencia energética para establecimientos exclusivos.
<p>Sierra tiene un llamativo diseño adecuado para establecimientos exclusivos. De acero inoxidable con el acabado o el color elegidos, Sierra se personaliza para adecuarse perfectamente a su entrada y hacerla única.</p>
<p>La cortina de aire está equipada con motores EC de gran eficiencia energética que permiten el control progresivo del caudal de aire. Junto con el inteligente sistema de control FC, la cortina de aire le permite optimizar fácilmente su confort y ahorrar energía.</p>
<p>Hay modelos para instalación en horizontal y en vertical. La anchura de instalación recomendada de 5 m con cortinas de aire montadas a ambos lados del hueco de entrada. La altura de instalación recomendada es de 3,5 m.</li>
</ul>
<p><a href="https://mpfred.com/wp-content/uploads/2023/12/CAT_FRICO_SIERRA_ES_210518_compressed.pdf" target="_blank" rel="noopener"><img loading="lazy" decoding="async" class="alignnone wp-image-355 size-full" src="https://mpfred.com/wp-content/uploads/2023/11/pdf.png" alt="" width="64" height="64" /></a><br />
<a href="https://mpfred.com/wp-content/uploads/2023/12/CAT_FRICO_SIERRA_ES_210518_compressed.pdf" target="_blank" rel="noopener">Catàleg PDF</a></p>

<p>Cortina de aire singular de gran eficiencia energética para establecimientos exclusivos. Sierra tiene un llamativo diseño adecuado para establecimientos exclusivos. De acero inoxidable con el acabado o el color elegidos, Sierra se personaliza para adecuarse perfectamente a su entrada y hacerla única. La cortina de aire está equipada con motores EC de gran eficiencia energética [&hellip;]</p>
